ppose 2*p - 14 = -4. Suppose -1 = g, 8 + 9 = 3*q - p*g. Is (2 - (-14)/q)*4 composite?
True
Suppose 29 = 3*d - o, 13 = 4*o - 3. Let l(a) = a**3 - 11*a**2 + 8*a - 5. Is l(d) a prime number?
True
Suppose 5*w + 24 = 2*w. Suppose -3*q = -36 - 9. Let p = q - w. Is p a prime number?
True
Suppose -13 - 92 = -3*a. Suppose 2*n = 4*k + 183 + 285, -3*k - 6 = 0. Suppose -5*p = -n + a. Is p composite?
True
Let u(j) = -35*j + 2. Let b be u(-10). Let n = b + 27. Is n a composite number?
False
Let z(y) = 2*y**2 - 3. Suppose -16 = -0*x + 4*x. Let k = x - 1. Is z(k) a prime number?
True
Let p(k) = k**3 + 2*k**2 + 2*k + 1. Let i be p(-1). Suppose -4*z = q - 11, i*q = 4*z - q - 13. Suppose -5*d - 4*t = -91, z = d - 2*t - t. Is d prime?
False
Suppose 4*o - v = 570 + 383, -4*v = 4*o - 928. Is o a prime number?
False
Let l(v) = 13*v + 4. Is l(7) a prime number?
False
Let q(x) = -3*x**2 - 3*x - 9. Let o(n) = n**2 - n - 1. Let s(p) = 4*o(p) - q(p). Is s(-4) a prime number?
False
Suppose 4*y - 5 = -4*w - 13, -12 = -4*y + w. Is 1*(-3 + y) - -162 a prime number?
False
Let a = -3 - -10. Is (a + 0)/(2/10) composite?
True
Let x(o) = o**3 - 12*o**2 + 10*o + 7. Is x(12) composite?
False
Let i(s) be the second derivative of -s**5/20 + 7*s**4/12 + 7*s**3/6 + 3*s. Is i(-5) a prime number?
False
Let j = -3901 + 6480. Is j a composite number?
False
Let q(i) = 38*i - 25. Is q(24) prime?
True
Let v = 26 - 13. Is v a composite number?
False
Let p be 2 + (542 - 1) + 2. Suppose 0*k + 440 = 4*k + 3*h, 5*h - p = -5*k. Is k a composite number?
False
Let u(p) = 13*p - 4. Suppose 3*r - 2 - 3 = -5*w, -2*w + 5*r = -33. Let i be u(w). Let d = 83 - i. Is d a composite number?
True
Let z(g) = -g**2 - 10*g - 7. Let x be z(-9). Let i be (-9)/(-3) - (-1 + x). Is (-37)/(((-2)/1)/i) composite?
False
Suppose -4*v - 32 = -5*i, -5*i = -2*v - 0*i - 26. Let b(d) = -102*d - 3. Is b(v) a composite number?
True
Let n be 0 + (-2)/2*2. Let x be (-15)/6*1*n. Let y = 52 - x. Is y a prime number?
True
Let c(j) = -3*j**3 - 5*j**2 - j + 2. Let b = -4 - 0. Is c(b) prime?
False
Let j(c) = 2*c**2 - 7*c - 6*c + 5*c + 3 - 6*c**3. Let o(y) = -4*y**3 + y**2 - 5*y + 2. Let q(a) = -5*j(a) + 8*o(a). Is q(-3) prime?
True
Let l = 31 + 466. Suppose 3*g = 694 + l. Is g composite?
False
Suppose -l + 1097 = 2*b, -l + 734 + 338 = -3*b. Is l a prime number?
True
Let g = -22 - -27. Suppose -g*d - 5 = -300. Is d prime?
True
Suppose 22 + 243 = 5*u. Is u composite?
False
Let w(n) = 57*n - 1. Let o be w(-2). Let f = o + 234. Is f composite?
True
Is (41 + 8/(-2))*7 a composite number?
True
Let p be (-3)/(5/((-100)/6)). Suppose 2*g = p - 2. Suppose 4*i - 80 - 88 = -g*t, -3*i = 2*t - 83. Is t a composite number?
False
Suppose -5*a = 2*s - 24, 0*s - 4*s = -3*a + 4. Let n be 2 - (-486)/((-6)/(-3)). Suppose -a*x = x - n. Is x prime?
False
Suppose 4*a = 8, 5*r - 3*a = -41 + 470. Suppose 13 - r = -p. Suppose p = z + z. Is z composite?
False
Suppose -2*p - 3*n + 655 = 0, 4*p = 3*p - 2*n + 329. Let u = p + -69. Is u a prime number?
False
Let q(l) = 5*l**2 + 8*l + 2. Suppose -3*k - 31 = 4*z, 0*z - 3*k = z + 10. Is q(z) prime?
True
Suppose -6*u + u = 145. Is u*(2 + -7) + -3 a prime number?
False
Suppose 6*h - 1808 = h - 3*n, 0 = 5*n - 5. Is h a prime number?
False
Let c(q) = -3*q + q + 3*q + 24. Is c(-10) prime?
False
Let v(i) = i**2 + i + 2. Let a be v(-7). Suppose -3*t - 6 = -0*t, -3*c + a = 5*t. Suppose c = -3*u + 6*u. Is u a prime number?
False
Let l be (-4 - -2)/((-1)/2). Suppose -2 + 37 = 5*v + 4*q, l*v - 4*q = 28. Suppose -v*a + 2*a = -70. Is a a prime number?
False
Let w(j) = 86*j**2 + 2*j + 1. Let d be w(-1). Let m = d - -42. Is m a prime number?
True
Let m = 236 - 117. Is m a composite number?
True
Let z(g) = 11*g**3 - 25*g**2 + g + 17. Let h(x) = 5*x**3 - 12*x**2 + 8. Let v(j) = 13*h(j) - 6*z(j). Is v(-5) a composite number?
False
Suppose 2*t = 397 - 75. Is t a prime number?
False
Is ((-3086)/4)/(6/(-12)) a prime number?
True
Let v(q) = q**3 - q**2 + 47. Let i be v(0). Let s = i + 20. Is s a composite number?
False
Suppose 22*h - 18*h - 26188 = 0. Is h prime?
True
Let b = 3 + -9. Let v(t) = t**3 + 7*t**2 - t - 5. Is v(b) composite?
False
Suppose -4*v - 173 = -3*v. Let i = -275 - v. Let p = i + 157. Is p a composite number?
True
Suppose 2*r - r = 12. Suppose 11*x = r*x - 139. Is x composite?
False
Let n(k) be the second derivative of 3*k + 1/2*k**2 + 17/3*k**3 + 0. Is n(2) a prime number?
False
Suppose b - 60 = 5*l, 0*b + l = -b + 66. Is b prime?
False
Suppose -2*v - 19 = -5*d, 4*v - 5*d - 4 + 47 = 0. Let j be 123/v + (-2)/(-8). Is (-72)/(-10) - (-2)/j composite?
False
Is (-1)/(676/226 - 3) prime?
True
Suppose 3*v + v = 20. Let t(h) = -v - 10*h + 2 + 12. Is t(-7) prime?
True
Let b be (-1723)/(-5) + (-24)/40. Suppose -h + b = 3*n, -6*n + 5*h + 540 = -n. Is n prime?
True
Suppose 3*l + q - 3493 = -q, -2*q = -l + 1159. Is l prime?
True
Suppose 4*i + 357 = 4*h - i, -h + 3*i + 98 = 0. Is h composite?
False
Suppose k + 2 + 128 = 0. Let s = -36 - k. Suppose -j - 5*l = -0*j - s, 0 = -3*j - 3*l + 282. Is j a composite number?
True
Suppose 0 = 3*h + 5*g + 2, 4*h + 2 - 5 = -g. Suppose -k - 3 = -h. Is k/4*2*-37 a prime number?
True
Let d = -18 - -18. Suppose d = 3*x - j + 1 - 228, -2*x - 2*j = -162. Is x composite?
True
Let u be (-492)/(-10)*(-25)/(-10). Let t(i) = i - 28. Let l be t(0). Let k = l + u. Is k a composite number?
True
Let o = -8 + 12. Suppose 5*j = -o*b + 151, 2*b - 5*j - 28 - 55 = 0. Is b a prime number?
False
Let r = -5473 - -7676. Is r prime?
True
Let i be (-12)/7*(-8 + 1). Is i/(-18) + (-80)/(-3) prime?
False
Let x(f) = f**3 - 4*f - 3. Let s be x(-2). Is 3*2391*s/(-27) composite?
False
Suppose -3*a = -4*a + 46. Is a prime?
False
Let g(j) = 65*j**3 - 3*j**2 - j + 5. Is g(2) composite?
True
Suppose 4*h - 183 - 101 = 0. Is h prime?
True
Suppose -5*z - 1496 + 5236 = 0. Suppose -2*g = -6*g + z. Is g a composite number?
True
Let c(a) = -12*a**3 - 2*a**2 + 4*a + 3. Let h be c(-3). Suppose -p + h = x, -5*x + 614 = -3*p - 903. Is x prime?
False
Let m(c) = 37*c**2 + c - 2. Let z be m(-4). Suppose 0 = -4*k + 3*y + 1172, 0 = 2*k + y + y - z. Is k composite?
False
Let i be 10/(-4)*(-12)/10. Is 7*1*(i - 2) a prime number?
True
Suppose 5 + 15 = 5*r. Let v(y) = -y**3 - 6*y**2 + 2*y + 9. Let a(o) = -3*o**3 - 18*o**2 + 6*o + 26. Let b(x) = -6*a(x) + 17*v(x). Is b(r) a composite number?
False
Let z be 1/(-4) + 110/(-40). Is (-2)/z + (-9906)/(-18) a composite number?
True
Let j = -3 + 7. Suppose 0 = 2*k + 10, j*k - 258 = -2*w. Is w a composite number?
False
Suppose -3*p + 1217 = -0*n - 2*n, -2*p = -2*n - 808. Is p composite?
False
Let g = 1548 - -3619. Is g a prime number?
True
Let v(k) be the second derivative of k**5/20 + 5*k**4/12 - 4*k**3/3 - 5*k**2/2 - k. Is v(-6) a composite number?
False
Let k(p) = -3*p**3 - p**2 - 5*p - 7. Is k(-6) composite?
True
Let l(m) = -m**2 + 4*m + 4. Let j be l(4). Suppose 2*s + 102 = j*s. Is s a prime number?
False
Let r = -564 + 1195. Is r a prime number?
True
Let u = -20 + 11. Is (-498)/u + 2/(-6) prime?
False
Is (-87)/(-6)*-2*-11 composite?
True
Let t(p) = -p**3 - 6*p**2 - 5*p + 21. Is t(-10) a composite number?
True
Let u(k) = 7*k**3 + 3*k**2 + 2*k + 5. Is u(6) composite?
False
Let i = -5 + 5. Is 1 + i + -2 + 50 composite?
True
Let m(z) = -414*z**3 - 2*z**2 - z. Is m(-1) composite?
True
Let j(d) = d + 1. Let v be j(4). Is (-28)/(-8)*(v + 1) prime?
False
Suppose -2 = -2*n - 16. Let g(w) = 3*w**2 + 6*w + 10. Is g(n) prime?
False
Suppose -g + 0*g = 5*u - 21, 2*u - 9 = -g. Suppose 0 = 4*h - 2*b - b - 1166, 0 = -2*b + u. Is h a prime number?
True
Let f be 51/(-5) - (-3)/15. Let i = 14 + f. Is -2*(2 - 106/i) composite?
True
Suppose 0 = 4*x - 4*o + 5*o - 38, 51 = 5*x + 3*o. Let m = -2 + x. Suppose i = -4*b + 19, -i - m = -2*b - 44. Is i a prime number?
True
Let o = -131 - -217. Is o prime?
False
Suppose 36 = -c - c. Let i = -6 - c. Suppose -3*l = -i, -h + 2*l = -l - 77. Is h prime?
True
Let o = 25 + -15. Is (1 - (o + 3))/(-2) composite?
True
Is ((-75)/(-12) - 4)*4 a prime number?
False
Suppose 4*f + 16 = 0, -3*f - 6 = d + 3. Suppose -d*x = -3, -4*s - x + 768 = 3*x. Is s prime?
True
Let m(r) = -451*r - 2. Is m(-1) prime?
True
Let f = 2 - 6. Let i be (99/(-6))/(2/f). Let t = -14 + i. Is t a prime number?
True
Let w(o) = 6